e of 1/2*i**2 - 4*i + 2 + 5/3*i**3 - 1/4*i**4. What is k(5)?
1
Let t(x) = -x**3 - 3*x**2 + 3. Let h be (-1 + 2)/(2/(-6)). What is t(h)?
3
Let r(t) = t**3 + 3*t**2 - 5*t + 3. Let x be (1/3)/((-1)/12). Determine r(x).
7
Let i(b) = 105*b**2 - 61*b**2 + b**3 - 56*b**2 + 10*b + 16. Give i(11).
5
Let o be 1 - 2 - 30/(-5). Let n(a) = -6*a - 4. Let k(h) = h - 1. Let r(w) = 3*k(w) - n(w). Let v(p) = -8*p. Let z(x) = 6*r(x) + 7*v(x). Calculate z(o).
-4
Let r(x) = 2 + 3*x + 2*x - 5*x - 7*x. Determine r(-2).
16
Let s = 12 - 11. Let k(n) = n - s + 3 + 2. What is k(-4)?
0
Let n(k) = 5*k**3 + k**2 - 3*k - 14. Let c(q) = -9*q**3 - 3*q**2 + 7*q + 27. Let p(u) = -4*c(u) - 7*n(u). Determine p(-6).
-4
Let u be ((-10)/30)/(1/18). Let r(b) = -2*b - 6. Determine r(u).
6
Let z = -173 - -172. Let w(y) = 5*y. Determine w(z).
-5
Let j(m) = 2*m - 5*m**2 + 3*m**2 + 1 - 2 + m**2. What is j(1)?
0
Let s(h) = -3*h. Let d be s(-1). Let i(f) = -3 + 5 - d*f - 1 - 2*f. What is i(1)?
-4
Let n(f) = 4*f**2 - f. Let p(x) = -x**3 - 6*x**2 + x. Let l be p(-6). Let o be -1 - (l - -3 - -1). Calculate n(o).
3
Let t(w) = -7*w + 3. Let p(n) = -n - 5. Let u be p(-8). What is t(u)?
-18
Let a(i) = -i**3 - 5*i**2 + i + 4. Let b = -56 - -88. Suppose 2*v = -2*v + b. Suppose c = -l - 5, 4*l + 33 = -5*c + v. Give a(c).
-1
Let m(h) = h**3 + 8*h**2 + 6*h - 9. Let n be m(-7). Let j = n - -5. Let z(i) = i**3 + 1 + 0 + 3*i**j. What is z(-1)?
-3
Let u be (15/(-20))/((-2)/(-8)). Let o(c) = -c. Let w(r) = 4*r + 2. Let q(g) = u*o(g) - w(g). Give q(5).
-7
Suppose 4 = -4*b + 8. Let k(f) = f**2 + 1. Let y(z) = -z**3 - 2*z**2 + 2. Let t be ((-2)/(-6))/((-1)/3). Let s(a) = b*y(a) + t*k(a). What is s(-3)?
1
Let r be 2 - (10 - 0) - -3. Let f(i) be the third derivative of -i**7/5040 - i**6/120 - i**5/30 - i**2. Let b(t) be the third derivative of f(t). What is b(r)?
-1
Let j = -3 - 2. Let t(y) = 2*y + 5. What is t(j)?
-5
Let j(y) = -y - 5. Let w be j(-2). Let d(x) = 6*x. Give d(w).
-18
Let z = -6 + 5. Let i = -3 - z. Let p(f) = -3*f**2 - 2*f + 1. What is p(i)?
-7
Let m = -8 + 11. Let s(o) = 7*o - 7 + m - 8*o. What is s(-5)?
1
Suppose -5*h - 5*s = -s - 11, -2*h = -5*s - 11. Let m(f) = -2*f - 3 - 8 + h*f. Give m(5).
-6
Let w(v) = v**2 + 5*v + 1. Let k be ((-2)/(-4))/(3/(-12)). Let c be w(k). Let u(p) = p**2 + 3*p - 7. What is u(c)?
3
Suppose 2*j = 6 - 2. Let i(v) = 2*v**3 + j*v - v**3 - 3*v**2 - 6*v - 1 - v. What is i(4)?
-5
Let n(z) be the second derivative of -z**3/6 + z**2 - 6*z. Let i(q) = q**2 + 7*q + 1. Let h be i(-7). Give n(h).
1
Let l(t) = -5*t + 19. Let q(s) = -3*s + 10. Let w(x) = -4*l(x) + 7*q(x). Calculate w(6).
-12
Let f(j) = -4*j**2 + 7*j**2 - 4*j - 5 + 0*j**2 - 2*j**2. Let w(i) = i**3 + 4*i**2 + i. Let u be w(-2). Give f(u).
7
Let h(q) = -q + 10. Let j(p) = p**3 - 12*p**2 - 14*p + 12. Let a be j(13). Let u be (-1 - a)/((-4)/(-2)). Determine h(u).
10
Let b(z) = 1. Let k(n) = -n + 2. Let h(t) = 5*b(t) - k(t). Let v = -46 - -65. Suppose -2*s + 5*o + v = -5*s, 0 = -s + 2*o + 1. Give h(s).
0
Suppose 0 = p + 25 - 19. Let r(l) = l - 8. Give r(p).
-14
Let f be 0 - -4*(-1)/(-2). Let a(s) = s**2 - 3*s + 1. Calculate a(f).
-1
Let u(v) = -v**3 - 6*v**2 - 5*v - 2. Let s be u(-5). Let h(d) = -3*d - 1. Determine h(s).
5
Let v = -4 + 7. Let u(a) be the second derivative of 0 + 1/2*a**2 - a + 1/6*a**v. What is u(3)?
4
Let t(a) = 4*a**2 - 2*a - 1. Let c be 4/(-20)*0 + -2. Calculate t(c).
19
Let q = 3 + 1. Suppose 2*n + 2 = 2*w, 0*n = 3*w + q*n - 24. Let u(s) = 4 - 2 - s**2 + 4*s + 4 - w. Calculate u(4).
2
Suppose -3*w + 82 = -4*c - 5*w, 2*c + 11 = 5*w. Let m = -20 - c. Let k(g) = 3*g - 1. Give k(m).
-7
Let b be 1*(-2 + 5/1). Suppose -4*n = -b - 5. Let g(j) = 4*j - 4*j - 3*j - n + 0*j. What is g(-3)?
7
Let r(k) be the first derivative of k**3/3 + 3*k**2/2 + 2*k - 3. Let o be r(-2). Suppose -2*f - f - 12 = o. Let m(j) = 2*j + 1. Calculate m(f).
-7
Let b = -5 - -9. Let j(k) be the first derivative of -1/3*k**3 + 5*k - 1 + 3/2*k**2. Determine j(b).
1
Let v = -3 - -9. Let n(p) = -p + 2. Determine n(v).
-4
Suppose -4*c - 2*s = -0*s + 14, 2*s = -2*c - 2. Let p(g) = -g**2 - 6*g - 3. Calculate p(c).
-3
Let c(g) = 347 - 3*g - 348 + 10*g. Give c(1).
6
Let d(s) = -s**2 - 6*s - 7. Suppose -2*h - 2*l = 10, -2*h - 3 = -2*l + 7. Calculate d(h).
-2
Let l(k) = 14*k**2 + 29*k - 17. Let u(d) = -5*d**2 - 10*d + 6. Let a(c) = -4*l(c) - 11*u(c). Suppose -3*n + n + 16 = 0. Let m = 3 - n. What is a(m)?
7
Let t(w) = -6*w**3 + w. Let n be t(-1). Let f(k) be the third derivative of k**5/60 - k**4/8 - k**3/2 - 2*k**2. What is f(n)?
7
Let d(s) = -6*s**2 + 5*s - 11. Let h(j) = j**2 - j + 2. Let c(u) = 2*d(u) + 11*h(u). Give c(-3).
-6
Let x(y) = -5*y**3 + 3*y**2 + 4*y + 3. Let p = 8 + -6. Let q(m) = -9*m**3 + 7*m - 5*m**p + 5 + 9*m**2 + m**2. Let v(u) = 3*q(u) - 5*x(u). Give v(-1).
1
Let h(p) = -p**2 + 4*p + 8. Let x(n) = -2*n - 14. Let o be x(-10). Give h(o).
-4
Let x = -4 - -9. Suppose x*y - 12 = 3*t + 1, 0 = 5*y + 2*t - 8. Let b(w) = 3 + 0*w**2 - w + y*w**3 - 3*w**3 + w**2. Give b(0).
3
Let h = 29 + -29. Let b(m) be the first derivative of 3*m + 1 - 1/2*m**2. What is b(h)?
3
Suppose 41 = -5*j + 51. Let h(m) = -4*m**2 + 2*m + 1. What is h(j)?
-11
Let m(y) = y - 3 - 10*y**2 - 2 + 4 + 0. Let i = -1 + 2. Give m(i).
-10
Let h(j) = -j**3 + 3*j**2 - 2*j - 2. Let q(a) = -a - 8. Let r be q(-10). Give h(r).
-2
Suppose -29 = 3*v + 2*u, 0 = -0*v - 4*v - 4*u - 36. Let d = -6 - v. Let w(s) = -s**2 + 6*s - 4. Give w(d).
1
Let g be 5*(-2 + 24/15). Let b(a) = -9*a**3 + 0*a**3 + 2 + 8*a**3. Calculate b(g).
10
Let r be (-1 - -7)*(-1)/2. Let y(d) = -2*d**3 - 3*d**2 + d - 3. Let k(i) = i. Let n(o) = r*k(o) + y(o). Let u be 3/1*4/(-6). Calculate n(u).
5
Let h(m) = -m**2 + m - 1. Let c(n) = -2*n**2 - 4*n + 2. Let o(d) = c(d) - h(d). Let u be o(-5). Let r(i) = i**2 + 3*i - 2. What is r(u)?
16
Let y(q) = 4*q**2 - 8*q + 5. Let n(o) = 15*o + 2*o**2 - 6*o - 7*o**2 - 5. Let z(w) = -3*n(w) - 4*y(w). Determine z(5).
-5
Let o be 2/(-6) - 14/3. Let w(k) = k - 11. Let z(v) = 2*v - 12. Let j(q) = -3*w(q) + 2*z(q). What is j(o)?
4
Suppose 5*m = 0, -4*v - 3*m = -7*m. Let o(h) = -2*h**2 - h**3 + v*h + 4*h + 5*h - 2*h + 6. Calculate o(-4).
10
Let m(v) = -v**3 + 11*v**2 - 10*v - 7. Let i be m(10). Let z(s) = -s**3 - 7*s**2 - 7. Give z(i).
-7
Let g(o) = 2*o + 2. Let a(c) = -2*c + 5. Suppose -5*x + 20 = -0*x. Let y be a(x). Give g(y).
-4
Suppose -2*r + 3*r = 5. Let o(d) = d**2 - 9*d + 7. Calculate o(r).
-13
Let a(f) = 11*f**2 + f - 3. Let b(r) = 33*r**2 + 3*r - 8. Let v(t) = 8*a(t) - 3*b(t). What is v(1)?
-12
Let i(y) be the second derivative of -y**3/6 - 7*y**2/2 + 3*y - 6. What is i(-6)?
-1
Let p(b) = -b + 1. Let d = -15 + 14. What is p(d)?
2
Suppose 0 = -0*v - 4*v + 16. Suppose -3*y + y = -v. Let q(f) be the second derivative of f**3/6 - f**2 - 3*f. Calculate q(y).
0
Let r(o) = o + 3. Let g be 10/3 - (-1)/(-3). Let z(y) = 6 + 0 + g*y + 2. Let i(k) = -8*r(k) + 3*z(k). Determine i(-4).
-4
Suppose o - 7 = -3*h - 2, -34 = -4*o + 2*h. Let g(f) = f**3 - 9*f**2 + 8*f + 6. What is g(o)?
6
Let p(y) = -2*y**2 - 1. Suppose 4*z + 21 = z. Let w(m) = -m - 4. Let b be w(z). Let g be 2 - -3*b/(-9). Give p(g).
-3
Let v(q) = q**2 - 6*q - 5. Let a(x) = -x**2 + 23*x - 16. Let w be a(22). What is v(w)?
-5
Let r(t) = t - 1. Let f = -1 + 3. Let d be (-10)/4 + f/(-4). Let j = 2 + d. What is r(j)?
-2
Let w(o) be the first derivative of -o**4/4 + 2*o**3 - 3*o**2/2 + 5*o - 11. Calculate w(6).
-13
Suppose 3*i - 10 = -3*b - i, 0 = i - 1. Let s(h) = -3*h**b - 3 + 4*h**2 - 5*h + 3*h - 1. Give s(3).
-1
Let r(c) = c - 1. Let p(x) = -6*x + 2. Let v(f) = -p(f) - 5*r(f). Let u(z) = z + 2. Let s be u(2). Suppose -3*m - 31 - 9 = -5*g, s*g = -5*m - 5. Give v(m).
-2
Let a = -15 + 7. Let g(x) = -x - 6. Let j be g(a). Let o(v) = 0 + 4*v**j + 3 - 2. What is o(-1)?
5
Suppose 2*t - 9 = 4*t + 3*p, -3*p = -t + 18. Suppose 2*m - 15 = -3*n, -n + 7 = t*m - 5. Let a(v) = v**m + 3*v**3 - 3*v**3 - 4*v**2 - 2. What is a(4)?
-2
Let a(r) = -r**3 + 5*r**2 + 6*r - 1. Let t be 936/162 + 2/9. What is a(t)?
-1
Let i(r) be the second derivative of r**5/20 - r**4/6 - r**3/2 + r**2/2 - 10*r. Calculate i(3).
1
Let m(b) be the third derivative of -b**6/120 - b**5/10 + 3*b**4/8 + 5*b**3/6 + 6*b**2. Give m(-7).
-9
Let j be 3/9 + 65/3. Suppose 0 = 